?
22
Calculate the remainder when 4259 is divided by 12.
11
What is the remainder when 3721 is divided by 88?
25
Calculate the remainder when 137 is divided by 36.
29
What is the remainder when 185 is divided by 60?
5
Calculate the remainder when 407 is divided by 10.
7
Calculate the remainder when 63 is divided by 20.
3
What is the remainder when 213 is divided by 76?
61
What is the remainder when 110 is divided by 3?
2
What is the remainder when 361 is divided by 185?
176
Calculate the remainder when 202 is divided by 32.
10
What is the remainder when 346 is divided by 43?
2
What is the remainder when 158 is divided by 7?
4
What is the remainder when 89 is divided by 6?
5
What is the remainder when 54 is divided by 15?
9
What is the remainder when 123 is divided by 56?
11
Calculate the remainder when 23037 is divided by 64.
61
What is the remainder when 1542 is divided by 384?
6
What is the remainder when 1412 is divided by 274?
42
Calculate the remainder when 3324 is divided by 128.
124
What is the remainder when 620 is divided by 311?
309
Calculate the remainder when 361 is divided by 13.
10
Calculate the remainder when 1247 is divided by 78.
77
Calculate the remainder when 1233 is divided by 19.
17
What is the remainder when 31 is divided by 17?
14
Calculate the remainder when 297 is divided by 48.
9
Calculate the remainder when 21 is divided by 9.
3
What is the remainder when 88 is divided by 70?
18
Calculate the remainder when 441 is divided by 111.
108
What is the remainder when 898 is divided by 206?
74
Calculate the remainder when 1046 is divided by 8.
6
What is the remainder when 3812 is divided by 238?
4
What is the remainder when 266 is divided by 18?
14
What is the remainder when 124 is divided by 94?
30
What is the remainder when 9462 is divided by 14?
12
Calculate the remainder when 104 is divided by 22.
16
Calculate the remainder when 85 is divided by 9.
4
What is the remainder when 331 is divided by 79?
15
Calculate the remainder when 1016 is divided by 30.
26
What is the remainder when 258 is divided by 89?
80
Calculate the remainder when 2657 is divided by 31.
22
What is the remainder when 3356 is divided by 46?
44
What is the remainder when 210 is divided by 31?
24
What is the remainder when 1307 is divided by 20?
7
What is the remainder when 4079 is divided by 68?
67
Calculate the remainder when 532 is divided by 41.
40
What is the remainder when 610 is divided by 9?
7
Calculate the remainder when 126 is divided by 86.
40
What is the remainder when 351 is divided by 59?
56
Calculate the remainder when 313 is divided by 83.
64
Calculate the remainder when 562 is divided by 43.
3
What is the remainder when 256 is divided by 20?
16
Calculate the remainder when 815 is divided by 39.
35
Calculate the remainder when 174 is divided by 11.
9
Calculate the remainder when 123 is divided by 64.
59
What is the remainder when 2519 is divided by 33?
11
Calculate the remainder when 247 is divided by 64.
55
What is the remainder when 9686 is divided by 346?
344
Calculate the remainder when 51 is divided by 36.
15
Calculate the remainder when 120 is divided by 48.
24
What is the remainder when 7874 is divided by 21?
20
What is the remainder when 4819 is divided by 4?
3
What is the remainder when 848 is divided by 74?
34
Calculate the remainder when 109 is divided by 53.
3
Calculate the remainder when 4119 is divided by 103.
102
What is the remainder when 424 is divided by 17?
16
What is the remainder when 1176 is divided by 37?
29
Calculate the remainder when 498 is divided by 125.
123
Calculate the remainder when 374 is divided by 94.
92
Calculate the remainder when 97 is divided by 34.
29
Calculate the remainder when 803 is divided by 35.
33
What is the remainder when 598 is divided by 119?
3
What is the remainder when 461 is divided by 44?
21
What is the remainder when 146 is divided by 22?
14
What is the remainder when 1490 is divided by 17?
11
What is the remainder when 103 is divided by 26?
25
Calculate the remainder when 722 is divided by 360.
2
What is the remainder when 67 is divided by 12?
7
What is the remainder when 279 is divided by 43?
21
What is the remainder when 7392 is divided by 85?
82
What is the remainder when 118 is divided by 28?
6
What is the remainder when 2287 is divided by 95?
7
Calculate the remainder when 3675 is divided by 59.
17
Calculate the remainder when 581 is divided by 31.
23
Calculate the remainder when 51 is divided by 2.
1
Calculate the remainder when 255 is divided by 7.
3
What is the remainder when 48912 is divided by 41?
40
Calculate the remainder when 502 is divided by 11.
7
Calculate the remainder when 213 is divided by 55.
48
Calculate the remainder when 62 is divided by 16.
14
Calculate the remainder when 1005 is divided by 172.
145
Calculate the remainder when 865 is divided by 220.
205
Calculate the remainder when 758 is divided by 4.
2
What is the remainder when 251 is divided by 165?
86
Calculate the remainder when 734 is divided by 67.
64
Calculate the remainder when 32 is divided by 5.
2
Calculate the remainder when 393 is divided by 11.
8
Calculate the remainder when 4625 is divided by 9.
8
Calculate the remainder when 712 is divided by 67.
42
What is the remainder when 217 is divided by 111?
106
Calculate the remainder when 8755 is divided by 44.
43
What is the remainder when 903 is divided by 130?
123
Calculate the remainder when 389 is divided by 285.
104
Calculate the remainder when 147 is divided by 5.
2
What is the remainder when 2445 is divided by 488?
5
Calculate the remainder when 474 is divided by 94.
4
What is the remainder when 109 is divided by 16?
13
Calculate the remainder when 83 is divided by 13.
5
Calculate the remainder when 1176 is divided by 31.
29
What is the remainder when 9096 is divided by 364?
360
Calculate the remainder when 165 is divided by 14.
11
Calculate the remainder when 221 is divided by 50.
21
Calculate the remainder when 761 is divided by 108.
5
What is the remainder when 135 is divided by 52?
31
What is the remainder when 25014 is divided by 8?
6
Calculate the remainder when 177 is divided by 44.
1
What is the remainder when 626 is divided by 65?
41
Calculate the remainder when 1277 is divided by 6.
5
Calculate the remainder when 1502 is divided by 76.
58
What is the remainder when 346 is divided by 112?
10
What is the remainder when 1346 is divided by 95?
16
Calculate the remainder when 101 is divided by 26.
23
Calculate the remainder when 233 is divided by 35.
23
What is the remainder when 48024 is divided by 85?
84
What is the remainder when 81 is divided by 12?
9
What is the remainder when 186 is divided by 52?
30
What is the remainder when 106 is divided by 12?
10
What is the remainder when 1415 is divided by 29?
23
Calculate the remainder when 43 is divided by 9.
7
What is the remainder when 52 is divided by 22?
8
Calculate the remainder when 63 is divided by 5.
3
What is the remainder when 87 is divided by 30?
27
Calculate the remainder when 57 is divided by 3.
0
What is the remainder when 303 is divided by 96?
15
What is the remainder when 2337 is divided by 67?
59
What is the remainder when 446 is divided by 94?
70
What is the remainder when 123 is divided by 28?
11
Calculate the remainder when 6967 is divided by 34.
31
What is the remainder when 173 is divided by 46?
35
What is the remainder when 3788 is divided by 79?
75
What is the remainder when 381 is divided by 12?
9
What is the remainder when 40 is divided by 20?
0
Calculate the remainder when 528 is divided by 38.
34
What is the remainder when 228 is divided by 23?
21
Calculate the remainder when 1399 is divided by 43.
23
Calculate the remainder when 156 is divided by 78.
0
What is the remainder when 237 is divided by 61?
54
Calculate the remainder when 962 is divided by 242.
236
Calculate the remainder when 323 is divided by 85.
68
Calculate the remainder when 195 is divided by 37.
10
What is the remainder when 3326 is divided by 32?
30
Calculate the remainder when 120 is divided by 43.
34
What is the remainder when 505 is divided by 44?
21
What is the remainder when 540 is divided by 269?
2
Calculate the remainder when 372 is divided by 4.
0
What is the remainder when 239 is